j(t) = -6*u(t) + w(t). Calculate j(-3).
8
Let o(u) = 2*u + 1. Let t be o(-1). Let g be -3 + (5 - (2 - 8)). Let l(h) = 8*h - g*h + 1 + h + 3*h. Determine l(t).
-3
Let j = 3 - 4. Let p(i) be the second derivative of -5*i**4/6 - i**2/2 - 750*i. Determine p(j).
-11
Suppose -3*t = -42 - 1326. Let u(x) = t*x - 1 - 457*x - 7. Let b be -3 - 9/12*4. Calculate u(b).
-2
Let t(b) = b**2 + 9*b + 7. Let r = -81 + 88. Let k(w) = w**2 - 6*w + 14. Let h be k(r). Suppose 11*g = -h - 45. Determine t(g).
-11
Let d(i) = 5*i - 2*i - 23*i + 15*i + 11*i + 141. Calculate d(0).
141
Let q(k) be the third derivative of k**4/24 + 4*k**3/3 + k**2. Let i(t) = 359*t**2 + 2*t + 3. Let m be i(-2). Suppose 2*p + m = 1423. Determine q(p).
2
Suppose 92*z - 6*z - 258 = 0. Let i(f) be the first derivative of 14 - 5/2*f**2 - 8*f + 1/3*f**z. Calculate i(7).
6
Let y(r) = 3*r**2 - 6*r + 29. Let k be y(-4). Let n(m) = 103*m - 15 + k*m - 203*m. Determine n(10).
-5
Let k(d) = d + 0*d - 12 + d. Let a(f) = -f**3 + 23*f**2 - 48*f + 134. Let r be a(21). Let g be k(r). Let u(i) = -i**3 + 5*i**2 - 3*i - 4. Determine u(g).
0
Let a be (234/45)/((-2)/(-30)). Let t(b) = -79 + b - 84 + 3*b**2 - a + 239 - 2*b**2. Determine t(-2).
0
Suppose 2*c = 4*c + 2. Let b be ((1/(-2) - -2) + -1)*2. Let j(k) = -2*k**3 + 1 - k**2 - 5*k**3 + 10*k**3 - b. Calculate j(c).
-4
Suppose 4*d - 17 + 1 = 0. Let i(w) = -30*w + 9. Let u(x) = 83*x - 28. Let g(o) = 11*i(o) + 4*u(o). Give g(d).
-5
Let z(p) = -4*p + 7. Let g be (-6)/(-21) - (2 - 561/21). Let k be (-3 - -1)/8 - g/(-4). Calculate z(k).
-17
Let i(a) be the second derivative of -47*a + 0*a**3 - a**2 - 1/20*a**5 + 0 - 1/3*a**4. Determine i(-3).
-11
Let i(p) = -8*p**3 + 350*p**2 + 449*p + 46. Let j be i(45). Let v(x) = 2*x**3 - x**2 + 2*x**2 - 8*x**3. Give v(j).
-5
Let m be (-75)/(-11) - (485/55 - 9). Let a(v) = v**3 - 8*v**2 + 9*v - 10. Calculate a(m).
4
Let o(s) = -s**2 + 9*s + 10. Let g be o(10). Let x(c) = 6 - 9*c**2 + 4 + 8*c + g*c**2 - 2*c**3 + 3*c**3. Let v = -16 + 24. Determine x(v).
10
Let p be -3*((-2)/6 - (-12)/(-9)). Let l = 0 + p. Let d(i) = 11*i**2 - i**3 - 8*i**2 + 2*i + l + 2*i**2. What is d(5)?
15
Suppose 21 - 181 = -32*q. Let o(p) = p - 6. Let g(y) = -3*y + 19. Let f(c) = 3*g(c) + 8*o(c). Determine f(q).
4
Let h(o) be the second derivative of 0 + 1/6*o**3 - 4*o**2 - 77*o. Determine h(6).
-2
Suppose 0*w = 2*w + 4*c + 10, 9 = -w - 3*c. Let n(a) be the third derivative of a**6/120 - a**5/60 - a**4/8 + 987*a**2. Calculate n(w).
9
Let p(k) = 4 + k + 2 - 75 + 61 + k**3 - 23*k**2. What is p(23)?
15
Suppose 2*g + 863 = 5*m, -4*g + 326 = 3*m - m. Let k(q) = 66 - 11*q - 58 + m*q**2 - 170*q**2. What is k(10)?
-2
Let y = -388 - -388. Suppose m - 4*j + 5 = 4, y = m - 5*j. Let s(r) be the second derivative of r**4/12 + 5*r**3/6 - 3*r**2 - r. What is s(m)?
-6
Suppose -18 = 2*l + 4*i, 4*l - 3*i = 5*l + 11. Let o be (-3)/(27/36 + 10/(-8)). Let j(g) = -1217*g - o*g**2 - 3*g**3 + 2*g**3 + 1213*g - 3. Determine j(l).
-8
Let q(l) = -l**3 - 11*l**2 + l - 11. Let c(w) = -45*w - 36. Let g be c(-3). Suppose -89*v + g = -98*v. Calculate q(v).
-22
Let o(z) = z**3 - 2*z**2 - 4*z + 9. Let n be o(4). Let v = n + -24. Let c(i) = v + 4 - 91*i - i**2 + 1 + 86*i. Calculate c(-6).
0
Let q(w) = -w**3 + w + 3. Let c(z) = -2*z + 2. Let n be c(-2). Suppose 2*p = -n*p. Let o be (35/(-15))/7*p. What is q(o)?
3
Let q(y) be the third derivative of -y**6/120 - 2*y**5/15 + y**4/6 - 5*y**3/3 + 8*y**2 - 3*y. Let l = -583 - -575. What is q(l)?
-42
Let w(n) = 2. Let m(h) = h. Let b(s) = 2*m(s) - w(s). Suppose -1912*l + 4767 = -323*l. What is b(l)?
4
Let a(p) be the second derivative of -p**4/3 - p**3/2 + 2*p**2 - p. Let r(s) = -262*s - 37469. Let h be r(-143). Calculate a(h).
-23
Let i(q) = -2*q + 8. Let y = 4 + -8. Let x = 12235 - 12092. Let d be y/(-22) + (-1027)/x. Determine i(d).
22
Let g(t) be the third derivative of 67 + 1/60*t**5 + 13/24*t**4 - t**2 + 0*t + 1/3*t**3. Determine g(-13).
2
Let i(q) = q**3 + q**2 - 4*q - 1. Let o be 6 - ((0 - 1 - -8) + 12/(-12)). What is i(o)?
-1
Let k = 19 - 17. Let y(x) = x**2 + 3*x + 4. Let i be y(-2). Let q(t) = i - k - 2*t**2 + 1 - t**2 - 4*t. Give q(-3).
-14
Let k(v) be the first derivative of v**4/4 + 5*v**3/3 + 5*v**2/2 - 7*v + 7287. Suppose 0 = 3*m + 6 + 9. Determine k(m).
-32
Let d(k) = 442*k + 8852. Let r be d(-20). Let c(y) = y**2 - 13*y + 17. Let a(x) = -x**2 + 13*x - 17. Let g(j) = 3*a(j) + 2*c(j). What is g(r)?
-5
Suppose 10*h - 5*b = 14*h + 7, h - 3*b = -23. Let k(a) = -a**2 - 3*a + 37. What is k(h)?
-3
Let w(r) be the second derivative of -1/2*r**2 + 14*r - 7/6*r**3 + 1 - 2/3*r**4 - 1/20*r**5. Let h(a) = a**3 + 5*a**2 - 4*a + 5. Let q be h(-6). Give w(q).
-1
Let f(m) = -2*m - 3 + 6 - 9. Suppose -22 = 2*y + 4*b, -3*y + y = -b + 7. Calculate f(y).
4
Suppose 4*w + 14 - 70 = -2*l, -4*w = -l - 50. Let t(m) = 7*m - 88. Determine t(w).
3
Suppose -5*x + 0*o = 2*o - 13, -3*x + 11 = -2*o. Let z = -47 + 55. Let r(v) = 6*v - z*v - 2 + v**x + 0 - 1. Determine r(-2).
-7
Let u(g) = 135*g - 57*g - 32 - 217*g + 137*g. Calculate u(13).
-58
Let s(h) = 0*h**2 + 4*h + 2*h**2 - 2 + 4 - 3*h**2. Suppose 136 = -5*l - 5*x + 461, 2*l + 3*x = 126. Let c = 66 - l. Calculate s(c).
-19
Let m be 5*9/(0 - 9). Let o = -2 + 5. Let d(c) = o*c**2 - 4*c**2 + 6 - 3*c + 0. Calculate d(m).
-4
Let o(z) = 2*z - 15. Let p(v) = -3*v + 24. Let g(y) = -13*o(y) - 8*p(y). Determine g(5).
-7
Suppose 0 = -f + 61 + 202. Let g(j) = -8 - 267*j + 13 + f*j. Give g(5).
-15
Let u(k) be the third derivative of k**6/120 - k**5/30 - k**3/2 - 2*k**2 + 21. Suppose -p = -6*p + 10. Give u(p).
-3
Let p(z) = 2*z**3 + 24*z**2 - 6*z - 15. Let r = 2987 + -2999. What is p(r)?
57
Let c = 3 + -5. Suppose 359 = 13*o - 759. Let t(k) = o*k - 7 - 3*k**2 - 90*k + 5. Determine t(c).
-6
Let p(r) = -2*r**2 + 6*r - 2. Let c be p(4). Let y(a) be the second derivative of a**3/6 + a**2 + 192*a - 7. Give y(c).
-8
Suppose -2*d + d - 3*g + 47 = 0, -5*d + 2*g + 150 = 0. Let a = -55 + d. Let n = a - -31. Let t(v) = -2*v + 11. Determine t(n).
-5
Let s(o) = o - 1. Let v = -232 + 239. Suppose -v*c + 44 = -2*c - y, 5*y = c - 28. What is s(c)?
7
Let y(l) = l**3 + l**2 - 8*l + 3. Suppose 14 = -42*c - 12 + 152. Give y(c).
15
Suppose -2*p = -168*k + 171*k + 44, 5*k = -3*p - 72. Let m(b) = b**2 + 11*b - 41. What is m(k)?
-29
Suppose -v = -6*v + 110. Let b(n) = -6*n**2 - n**3 + v*n + 13 - 20*n - 4. Let d = 23 + -29. Calculate b(d).
-3
Let y be 2*(-15)/(-2)*(-31)/(-93). Suppose -4 = -n - y. Let d(c) be the second derivative of -3*c**5/20 - c**4/12 - c**3/6 - c**2/2 - 2*c. Give d(n).
2
Let b be ((-135)/18 + -3)*(-16)/28. Let i(a) = 2*a**3 - 8*a**2 + a - 11. Determine i(b).
139
Let i(b) = b**2 + 5*b - 4. Let m be 28/378 + 133/27. Determine i(m).
46
Let q(r) be the first derivative of -r**2/2 - r - 1. Suppose -53*w = -52*w - 2*k - 5, 0 = -3*w + 2*k + 11. What is q(w)?
-4
Let b be 4/14*(7 - 0). Let r(h) = h + 2 - b + 6. Suppose 2*l + 1 = -5*s - 5, 0 = -5*l - 15. Give r(s).
6
Let m(q) = -2*q - 6. Let o be m(-4). Suppose -7 - 2 = -s + 2*z, -3*s + 4*z = -21. Let r(u) = 16 + 2*u - 18 - 4*u**2 + 2*u + 2*u**s. Calculate r(o).
6
Let s(k) = 13*k**2 + 11*k + 20*k - 17 - 12*k. Calculate s(1).
15
Let f(n) = 3*n**2 - 3*n + 3. Let p(k) = -k + 4. Let v be p(-3). Let q(z) = 398 - 4*z**2 - 400 + v*z - 3*z. Let u(m) = -5*f(m) - 4*q(m). Give u(0).
-7
Let k(x) be the third derivative of -x**6/120 - 3*x**5/20 + x**4/12 + 3*x**3/2 + 950*x**2 + 5. What is k(-9)?
-9
Suppose -2*p - 4*q - 10 = 0, -5*q - 143 = -123. Let f(b) = 6*b - 14. Calculate f(p).
4
Let a(n) = n + 1. Let o(w) = 5*w - 4. Let l(x) = -3*a(x) - o(x). Let v(q) = -6*q - 1. Let f be v(14). Let y = f - -86. What is l(y)?
-7
Let u(d) be the first derivative of 4*d**3 + d + 470. Determine u(-1).
13
Let s(i) = 3*i**2 - 11 - 5 + 137*i + 118*i + 5 - 245*i. What is s(-5)?
14
Let f = -93 - -126. Suppose -36*l + 39 = -f*l. Let m(n) = 26*n**2 - 10*n - 14*n**2 - l*n**2 - 2 - 9. What is m(-8)?
5
Suppose 68 = -5*u - 5*l - 37, 28 = -2*u + 5*l. Let j(f) = 1. Let c(q) = -2*q - 36. Let v(h) = -c(h) - 5*j(h). Let o be v(u). Let z(k) = -k - 3. Determine z(o).
4
Let q(l) be the second derivative of l**4/12 - 4*l**3/3 + 4*l**2 + l + 37. Calculate q(5).
-7
Suppose 5*p = 16 - 6. Let y(c) = 3 + 7 - p*c - 18. Suppose -2*z - 2*z =